ppose -3*n = -8*n + u. What is the tens digit of n?
8
Let t = -3851 + 2311. What is the tens digit of t/14*(-14)/4?
8
Let c = 283 - -95. Let n = 604 - c. What is the hundreds digit of n?
2
Let n(h) = 2*h**2 - 11*h + 2. Let z be (17*2)/((-2)/2*2). What is the hundreds digit of n(z)?
7
Let k be 4/30 - -2*6104/240. Suppose k*q - 46*q - 5440 = 0. What is the units digit of q?
8
Let t = 28200 + -9308. What is the hundreds digit of t?
8
Suppose -175*z - 60120 = -177*z. Suppose 5*j + z = 41*j. What is the tens digit of j?
3
Let i(m) = m + 2. Suppose 4*q + 121 = 89. Let y be i(q). What is the units digit of (148/y)/(1/(-6))?
8
Let m(x) be the third derivative of -x**6/40 + x**5/10 + x**4/4 - x**3/3 + 49*x**2. What is the hundreds digit of m(-3)?
1
Let p(b) = 130*b**2 + 211*b + 4415. What is the ten thousands digit of p(-20)?
5
Let y = 41317 + -36575. What is the hundreds digit of y?
7
Let l(b) = 0*b**3 - 51 + 6*b + 44 + 6*b**2 - 2*b**3. Let w be l(-5). What is the tens digit of (w/12 + -2)*4?
1
Let x(j) = -208*j - 11. Let t be x(-3). What is the tens digit of (3 + 3 - t)/(-1)?
0
Let b(g) = 1509*g - 2*g**2 + 85 + 6*g**2 - 1493*g. What is the units digit of b(-12)?
9
Let i = 4510 + -2078. What is the units digit of i?
2
Let d = -19 - -25. Let f = 14 - d. Suppose 0 = 2*y - 78 + f. What is the tens digit of y?
3
Let n(q) = -798*q + 190. What is the units digit of n(-9)?
2
Let f(n) = -2*n - 53. Let w be f(-28). Suppose -w*g + 1 = -20. What is the hundreds digit of g - (-1886)/18 - 2/(-9)?
1
Let n(t) = 5*t**2 - t - 2. Let x be n(3). Let r be (x/12)/1 - (-2)/(-6). What is the tens digit of (-3)/9 - (-211)/r?
7
Let d be (-6)/(-8) - 0 - 105/(-84). Suppose d*i = 4*c - 3308, 4*c + i - 3320 = -0*c. What is the hundreds digit of c?
8
Let z = -96 + 107. Let a(j) = -j**3 + 9*j**2 + 22*j + 5. Let g be a(z). Suppose b + 14 = 5*x, 0 = 4*x - b + g*b + 8. What is the units digit of x?
2
Let v(k) = 86*k**2 - 7*k - 3. Let l be v(3). Suppose -10*n = 5*n - l. What is the tens digit of n?
5
Suppose 60*n - 57*n - 5448 = -2*q, -3*n - 12 = 0. What is the thousands digit of q?
2
Suppose -17*l + 221440 = 5*y - 16*l, 221440 = 5*y + 5*l. What is the ten thousands digit of y?
4
Let g = -91808 - -148970. What is the hundreds digit of g?
1
Suppose 2*k - 45 = 2*a + 461, -k - 3*a + 249 = 0. Suppose -111 - k = -w. What is the units digit of w?
3
Let r be ((-96)/10)/(1/(-90)). Suppose 5*f + 9 = -11, q = -3*f + r. What is the units digit of q?
6
Suppose 3*q = 3*l - 33411, -1830 - 53890 = -5*l - 2*q. What is the tens digit of l?
4
Suppose -2855 = -5*r + 5*c, -5*r + 2*c = -2*r - 1713. Suppose -2*z + 103 - r = 0. What is the hundreds digit of (1 - 2)/2*(z - -2)?
1
Let v(a) = 6*a - 21. Let z be v(15). Suppose -38*j - z = -35*j. Let b(q) = -q**2 - 27*q - 37. What is the tens digit of b(j)?
5
Suppose -4*f = -157 - 871. Suppose -319 - f = -9*r. What is the tens digit of r?
6
Let v(d) = 46*d**2 + 2*d + 1. Let k = -698 - -699. What is the units digit of v(k)?
9
What is the tens digit of 1202922/33 + 44/(-242) - (2 - 2)?
5
Let x = 4335 - -40. What is the tens digit of x?
7
Let j(x) = 1990*x**2 - 63*x + 178. What is the units digit of j(3)?
9
Let q be (-20)/(-3) - 3 - (-8)/(-12). Suppose -q*l + 3633 = 4*x, 6*l = -2*x - 1131 + 8397. What is the tens digit of l?
1
Suppose -5*c - l = -45, -2*c - 12 = -6*c + 4*l. Let g be (-135)/(-6) + 4/c. Suppose -5*o = -2*r + g, -4*o = -5*r - 0*r + 100. What is the tens digit of r?
2
Let o(b) be the second derivative of b**5/20 - 13*b**4/12 + 4*b**3/3 + 15*b**2 + 7*b. Let w be o(13). Suppose -s + w = s. What is the units digit of s?
7
Let l = 756 + -123. Suppose -17*t - l + 3761 = 0. What is the hundreds digit of t?
1
Suppose -8*o + 4*o = d - 530, 5*o - 4*d - 652 = 0. What is the hundreds digit of (-4189)/(-11) - (-24)/o?
3
Let x = 7946 + -2185. What is the hundreds digit of x?
7
Let p(r) = r**3 + 8*r**2 - 5*r + 38. Let o be p(-9). Suppose 59*w = o*q + 55*w - 3628, 0 = -3*q + 5*w + 5443. What is the hundreds digit of q?
8
Suppose -7*t = -85367 - 60443. Suppose 5614 = 22*l - t. What is the tens digit of l?
0
Let o(g) = g - 5. Let k be o(9). Suppose 0*f + 5*f = 2*x - 191, 0 = -5*f - k*x - 173. Let u = f - -132. What is the units digit of u?
5
Suppose 2*r + 429 - 253 = 0. What is the units digit of (0/(-1) - -32)*(-814)/r?
6
Let l be 15*(-5)/((-30)/8). Suppose -33 = -w - 2*w + 3*p, -3*w = 2*p - 48. Let a = l - w. What is the units digit of a?
6
Let g be (-1)/3 + (-2)/(-6). Suppose -j - j = 4*x - 304, 5*j + 5*x - 760 = g. What is the tens digit of j?
5
Let i = 3612 - -603. What is the hundreds digit of i?
2
Let q(i) = -47*i - 33. Let f be q(-11). Suppose -5*o - f = -6*o. Suppose 8*m - o = 60. What is the units digit of m?
8
Let j = 701 + 177. What is the hundreds digit of j - (14/(-7) + 8)?
8
Let w = 39490 + -21955. What is the hundreds digit of w?
5
Let p(q) = -3*q - 90. Let x be p(-28). What is the hundreds digit of 2 + 2 - (-465 + x)?
4
Let g(z) = 35534*z**2 + 15*z - 2. What is the tens digit of g(-1)?
1
Let x be ((-5)/20*-4)/((-4)/(-476)). What is the tens digit of (-21 - -24)*x*2?
1
Suppose -2*r + 928 + 1270 = -4*u, -2199 = -2*r + 5*u. What is the tens digit of r?
9
Suppose 21*b + p = 19*b + 17751, -2*p = -3*b + 26644. What is the hundreds digit of b?
8
Let n = 19 - 44. Let y = n + 27. Suppose -4*q = p - 228, 4*q + 0*p = -y*p + 224. What is the tens digit of q?
5
Let l = 1102 - -325. Suppose -96*w + 99*w = 5118. Suppose l + w = 13*m. What is the hundreds digit of m?
2
Let r = -5137 + 6010. What is the hundreds digit of r?
8
Suppose 6 = 2*o - 2*v, 0 = -4*o - 2*v + 5 + 1. Suppose -o*q + 7*a = 2*a - 1438, -5*a + 2936 = 4*q. What is the tens digit of q?
2
Let p be (-2)/(-9) - 13264/72. Let j = -107 - p. Let s = j - -65. What is the hundreds digit of s?
1
Let s(n) = 3*n - 71. Let d be s(25). Suppose 284 - 812 = -2*u - d*o, u - 2*o = 280. What is the units digit of u?
2
Let k = -2932 - -10801. What is the hundreds digit of k?
8
Let a = 1746 - -549. Suppose -4*i + 3939 = 3*z, 1641 = 4*i + 4*z - a. What is the hundreds digit of i?
9
Suppose -8*l - 33 = -89. Suppose 20 = -l*q + 11*q. What is the units digit of (q - 7) + (144*1 - -2)?
4
What is the thousands digit of 22356 + (-13 - (-9 - 2))?
2
Let z = 71859 - 40825. What is the hundreds digit of z?
0
What is the tens digit of (-1 - 567)*2520/(-144)?
4
Suppose 28921*h = 28907*h + 323148. What is the hundreds digit of h?
0
Let n(t) = 93*t. Let y be n(-1). Let s = y - -157. Suppose -5*q + s = -71. What is the units digit of q?
7
Suppose 12*r - 5*r = 154784. What is the tens digit of r/80 + 4/(-10)?
7
Suppose -244*l + 247*l = 1020. Suppose 4*t = 4*u - 179 + 451, 5*t = -u + l. What is the units digit of t?
8
Let n(w) = 21 - 3*w + 0*w - w**2 - 11*w - 3. Let v be n(-16). Let m(q) = -5*q - 34. What is the units digit of m(v)?
6
Suppose -d + 5*d = -4*m + 84, -5*m + 97 = 3*d. Suppose 0 = -19*x - m*x + 61416. What is the units digit of x?
6
What is the tens digit of (298696/6)/(-16 - (-500)/30)?
7
Let o(g) = 36*g - 68. Let x = -260 - -273. What is the units digit of o(x)?
0
Suppose 851*s - 844*s - 43820 = 0. What is the units digit of s?
0
Let q be (13481/244)/(1/252). Suppose 125*o = 138*o - q. What is the thousands digit of o?
1
Let l(r) = -r**2 + 19*r - 34. Let z be l(17). Suppose z = -4*d + 3*u + 6379, 4*d - 3470 - 2915 = u. What is the units digit of d?
7
Let i be ((-39)/(-52))/((-2)/(-8)). What is the tens digit of 639/4*(-1 + 2 + i)?
3
What is the units digit of (-20048)/(-140)*(-1020)/(-8)?
8
Let n(c) = 31*c**2 + 980*c - 120. What is the hundreds digit of n(-49)?
2
Suppose 0 = -977*d + 981*d - 4*v - 31440, d = -5*v + 7818. What is the tens digit of d?
5
Let m = -61 + 25. What is the units digit of 8/m - ((-37528)/(-36))/(-2)?
1
Suppose -4*n = -7*n + 12, 0 = 5*u + 4*n - 14346. What is the thousands digit of u?
2
Suppose 0 = 4*j + 4*i - 2*i, 5*i = -20. Let b be 0 + j/(-5) + (-84)/(-35). What is the tens digit of b/((4 - 3)*-2) + 60?
5
Let z be 23/5 + 12/30. Suppose -2*d + 3*p + 142 = -236, -z*d = -p - 945. Suppose -21 = 2*b - d. What is the tens digit of b?
8
Suppose -5*t + 18583 = 2*f + 86, 5*t = 4*f + 18521. What is the tens digit of t?
0
Let c be (-74)/(-10) + 6/(-15). Let o be (2/4)/((21/(-6))/c). What is the tens digit of